04 is divided by 23.
12
What is the remainder when 85 is divided by 27?
4
What is the remainder when 121 is divided by 31?
28
What is the remainder when 77 is divided by 28?
21
Calculate the remainder when 3554 is divided by 5.
4
Calculate the remainder when 570 is divided by 82.
78
What is the remainder when 242 is divided by 34?
4
What is the remainder when 236 is divided by 7?
5
What is the remainder when 161 is divided by 41?
38
What is the remainder when 725 is divided by 144?
5
What is the remainder when 423 is divided by 84?
3
What is the remainder when 105 is divided by 58?
47
Calculate the remainder when 36 is divided by 19.
17
Calculate the remainder when 53 is divided by 6.
5
Calculate the remainder when 37 is divided by 9.
1
Calculate the remainder when 5439 is divided by 20.
19
What is the remainder when 156 is divided by 28?
16
What is the remainder when 34 is divided by 16?
2
Calculate the remainder when 288 is divided by 14.
8
Calculate the remainder when 284 is divided by 63.
32
What is the remainder when 61 is divided by 25?
11
Calculate the remainder when 257 is divided by 20.
17
Calculate the remainder when 141 is divided by 6.
3
Calculate the remainder when 63 is divided by 13.
11
Calculate the remainder when 387 is divided by 80.
67
What is the remainder when 258 is divided by 39?
24
What is the remainder when 52 is divided by 4?
0
What is the remainder when 249 is divided by 238?
11
What is the remainder when 170 is divided by 9?
8
Calculate the remainder when 354 is divided by 118.
0
What is the remainder when 24 is divided by 21?
3
What is the remainder when 828 is divided by 74?
14
What is the remainder when 349 is divided by 42?
13
What is the remainder when 71 is divided by 9?
8
What is the remainder when 481 is divided by 97?
93
What is the remainder when 1641 is divided by 9?
3
What is the remainder when 201 is divided by 29?
27
Calculate the remainder when 164 is divided by 50.
14
Calculate the remainder when 143 is divided by 39.
26
Calculate the remainder when 402 is divided by 45.
42
What is the remainder when 20802 is divided by 28?
26
What is the remainder when 365 is divided by 4?
1
What is the remainder when 4875 is divided by 23?
22
What is the remainder when 757 is divided by 40?
37
What is the remainder when 49 is divided by 27?
22
Calculate the remainder when 376 is divided by 94.
0
Calculate the remainder when 422 is divided by 28.
2
What is the remainder when 160 is divided by 15?
10
What is the remainder when 164 is divided by 53?
5
What is the remainder when 199 is divided by 94?
11
What is the remainder when 190 is divided by 65?
60
What is the remainder when 362 is divided by 91?
89
What is the remainder when 3737 is divided by 22?
19
What is the remainder when 247 is divided by 63?
58
What is the remainder when 657 is divided by 19?
11
What is the remainder when 113 is divided by 2?
1
Calculate the remainder when 24 is divided by 13.
11
What is the remainder when 407 is divided by 111?
74
Calculate the remainder when 919 is divided by 452.
15
What is the remainder when 18177 is divided by 7?
5
Calculate the remainder when 43 is divided by 9.
7
Calculate the remainder when 958 is divided by 30.
28
What is the remainder when 58 is divided by 24?
10
What is the remainder when 6498 is divided by 65?
63
What is the remainder when 171 is divided by 44?
39
What is the remainder when 459 is divided by 218?
23
What is the remainder when 253 is divided by 10?
3
Calculate the remainder when 256 is divided by 122.
12
Calculate the remainder when 463 is divided by 59.
50
What is the remainder when 18924 is divided by 27?
24
What is the remainder when 58 is divided by 21?
16
What is the remainder when 33 is divided by 27?
6
Calculate the remainder when 725 is divided by 49.
39
What is the remainder when 93 is divided by 34?
25
What is the remainder when 183 is divided by 13?
1
Calculate the remainder when 224 is divided by 37.
2
What is the remainder when 48 is divided by 19?
10
What is the remainder when 134 is divided by 119?
15
Calculate the remainder when 10483 is divided by 14.
11
What is the remainder when 1109 is divided by 15?
14
Calculate the remainder when 207 is divided by 109.
98
What is the remainder when 823 is divided by 75?
73
What is the remainder when 2205 is divided by 2?
1
What is the remainder when 334 is divided by 67?
66
What is the remainder when 174 is divided by 34?
4
Calculate the remainder when 399 is divided by 8.
7
What is the remainder when 357 is divided by 30?
27
Calculate the remainder when 59 is divided by 25.
9
Calculate the remainder when 567 is divided by 74.
49
What is the remainder when 94 is divided by 11?
6
What is the remainder when 69 is divided by 46?
23
Calculate the remainder when 26 is divided by 7.
5
What is the remainder when 267 is divided by 4?
3
Calculate the remainder when 1505 is divided by 135.
20
Calculate the remainder when 1215 is divided by 19.
18
What is the remainder when 419 is divided by 60?
59
What is the remainder when 979 is divided by 76?
67
Calculate the remainder when 7730 is divided by 37.
34
What is the remainder when 310 is divided by 68?
38
What is the remainder when 106 is divided by 22?
18
What is the remainder when 81 is divided by 33?
15
What is the remainder when 5247 is divided by 41?
40
Calculate the remainder when 4468 is divided by 52.
48
Calculate the remainder when 343 is divided by 36.
19
What is the remainder when 284 is divided by 57?
56
Calculate the remainder when 1638 is divided by 84.
42
What is the remainder when 1583 is divided by 61?
58
What is the remainder when 654 is divided by 9?
6
What is the remainder when 359 is divided by 94?
77
Calculate the remainder when 80 is divided by 9.
8
Calculate the remainder when 227 is divided by 144.
83
Calculate the remainder when 497 is divided by 56.
49
Calculate the remainder when 83 is divided by 25.
8
Calculate the remainder when 83 is divided by 17.
15
What is the remainder when 705 is divided by 135?
30
What is the remainder when 153 is divided by 26?
23
Calculate the remainder when 4983 is divided by 156.
147
What is the remainder when 110 is divided by 3?
2
What is the remainder when 2461 is divided by 56?
53
What is the remainder when 1313 is divided by 189?
179
Calculate the remainder when 610 is divided by 51.
49
What is the remainder when 413 is divided by 46?
45
What is the remainder when 5014 is divided by 34?
16
What is the remainder when 36 is divided by 3?
0
What is the remainder when 212 is divided by 7?
2
Calculate the remainder when 277 is divided by 40.
37
What is the remainder when 175 is divided by 30?
25
What is the remainder when 566 is divided by 21?
20
Calculate the remainder when 395 is divided by 4.
3
Calculate the remainder when 4518 is divided by 40.
38
What is the remainder when 269 is divided by 55?
49
What is the remainder when 773 is divided by 97?
94
What is the remainder when 695 is divided by 347?
1
What is the remainder when 449 is divided by 90?
89
What is the remainder when 542 is divided by 136?
134
What is the remainder when 275 is divided by 133?
9
Calculate the remainder when 205 is divided by 26.
23
What is the remainder when 374 is divided by 21?
17
What is the remainder when 264 is divided by 14?
12
Calculate the remainder when 169 is divided by 45.
34
Calculate the remainder when 18267 is divided by 90.
87
Calculate the remainder when 1669 is divided by 73.
63
Calculate the remainder when 2129 is divided by 353.
11
What is the remainder when 31 is divided by 13?
5
Calculate the remainder when 3642 is divided by 45.
42
What is the remainder when 130 is divided by 12?
10
Calculate the remainder when 48 is divided by 7.
6
What is the remainder when 868 is divided by 30?
28
Calculate the remainder when 283 is divided by 31.
4
Calculate the remainder when 5851 is divided by 7.
6
What is the remainder when 226 is divided by 21?
16
What is the remainder when 347 is divided by 19?
5
Calculate the remainder when 18 is divided by 9.
0
What is the remainder when 3381 is divided by 38?
37
Calculate the remainder when 217 is divided by 107.
3
What is the remainder when 196 is divided by 46?
12
What is the remainder when 202 is divided b